{"id":96,"date":"2018-07-06T05:11:39","date_gmt":"2018-07-06T05:11:39","guid":{"rendered":"http:\/\/bp-soroca.md\/?page_id=96"},"modified":"2021-03-29T13:38:13","modified_gmt":"2021-03-29T13:38:13","slug":"servicii","status":"publish","type":"page","link":"https:\/\/wpt.bp-soroca.md\/index.php\/servicii\/","title":{"rendered":"Servicii"},"content":{"rendered":"<h2><span style=\"font-family: arial, helvetica, sans-serif; font-size: 12pt;\">Servicii noi \u00een bibliotec\u0103<\/span><\/h2>\n<ul>\n<li><span style=\"font-family: arial, helvetica, sans-serif; font-size: 10pt;\">Clubul amatorilor de\u00a0flori \u201eFloarea albastr\u0103\u201d:<strong><span style=\"color: #0000ff;\"> <a style=\"color: #0000ff;\" href=\"http:\/\/floarealbastrasoroca.wordpress.com\/\" target=\"_blank\" rel=\"noopener noreferrer\">http:\/\/floarealbastrasoroca.wordpress.com\/<\/a><\/span><\/strong><\/span><\/li>\n<li><span style=\"font-family: arial, helvetica, sans-serif; font-size: 10pt;\">Cursuri de\u00a0instruire\u00a0IT cu\u00a0bibliotecarii:<strong><span style=\"color: #0000ff;\">\u00a0<a style=\"color: #0000ff;\" href=\"http:\/\/bp-soroca.md\/wp-content\/uploads\/2018\/07\/Cursuri-IT-cu-bibliotecarii-soroceni.pdf\" target=\"_blank\" rel=\"noopener noreferrer\">Cursuri IT cu bibliotecarii soroceni<\/a><\/span><\/strong><\/span><\/li>\n<li><span style=\"font-family: arial, helvetica, sans-serif; font-size: 10pt;\">\u201e\u00cenva\u021b\u0103-te s\u0103 fii Om\u201d: Program educativ\u00a0<strong><span style=\"color: #0000ff;\"><a style=\"color: #0000ff;\" href=\"http:\/\/bp-soroca.md\/wp-content\/uploads\/2018\/07\/a-fi-Om-e-lucru-mare.pdf\" target=\"_blank\" rel=\"noopener noreferrer\">\u00cenva\u021b\u0103-te s\u0103 fii Om<\/a><\/span><\/strong><\/span><\/li>\n<li><span style=\"font-family: arial, helvetica, sans-serif; font-size: 10pt;\">\u201eSoroca\u00a0\u2014 soroceni\u201d: Program de\u00a0valorificare a\u00a0memoriei comunitare<strong><span style=\"color: #0000ff;\">\u00a0<a style=\"color: #0000ff;\" href=\"http:\/\/bp-soroca.md\/wp-content\/uploads\/2018\/07\/Soroca-soroceni.pdf\" target=\"_blank\" rel=\"noopener noreferrer\">Soroca \/ soroceni<\/a><\/span><\/strong><\/span><\/li>\n<li><span style=\"font-family: arial, helvetica, sans-serif; font-size: 10pt;\">\u201eLectura \u0219i informa\u021bia \u00eenvinge violen\u021ba\u201d: Program educativ\u00a0<strong><span style=\"color: #0000ff;\"><a style=\"color: #0000ff;\" href=\"http:\/\/bp-soroca.md\/wp-content\/uploads\/2018\/07\/Lectura-\u0219i-informa\u021bia-\u00eenvinge-violen\u021ba.pdf\" target=\"_blank\" rel=\"noopener noreferrer\">Lectura \u0219i informa\u021bia \u00eenvinge violen\u021ba<\/a><\/span><\/strong><\/span><\/li>\n<li><span style=\"font-family: arial, helvetica, sans-serif; font-size: 10pt;\">\u201eAi grij\u0103 de\u00a0s\u0103n\u0103tatea ta\u201d: Program de\u00a0cultur\u0103 medical\u0103\u00a0<strong><span style=\"color: #0000ff;\"><a style=\"color: #0000ff;\" href=\"http:\/\/bp-soroca.md\/wp-content\/uploads\/2018\/07\/Ai-grij\u0103-de-s\u0103n\u0103tatea-Ta.pdf\" target=\"_blank\" rel=\"noopener noreferrer\">Ai grij\u0103 de s\u0103n\u0103tatea Ta<\/a><\/span><\/strong><\/span><\/li>\n<li><span style=\"font-family: arial, helvetica, sans-serif; font-size: 10pt;\">\u201eReferate preferate cu\u00a0ajutorul bibliotecii, Internetului \u0219i tehnicii de\u00a0calcul elaborate\u201d: Program informa\u021bional\u00a0\u2014 educativ<strong><span style=\"color: #0000ff;\">\u00a0<a style=\"color: #0000ff;\" href=\"http:\/\/bp-soroca.md\/wp-content\/uploads\/2018\/07\/Referate-preferate-cu-ajutorul-tehnicii-de-calcul-elaborate-.pdf\" target=\"_blank\" rel=\"noopener noreferrer\">Referate preferate cu ajutorul tehnicii de calcul elaborate<\/a><\/span><\/strong><\/span><\/li>\n<li><span style=\"font-family: arial, helvetica, sans-serif; font-size: 10pt;\">\u201eBanii de\u00a0buzunar\u201d: Program de\u00a0educa\u021bie financiar\u0103\u00a0<strong><span style=\"color: #0000ff;\">\u00a0<a style=\"color: #0000ff;\" href=\"http:\/\/bp-soroca.md\/wp-content\/uploads\/2018\/07\/Bani-de-buzunar.pdf\" target=\"_blank\" rel=\"noopener noreferrer\">Bani de buzunar<\/a><\/span><\/strong><\/span><\/li>\n<li><span style=\"font-family: arial, helvetica, sans-serif; font-size: 10pt;\">\u201eCariera Ta \u00eencepe Aici!\u201d: Program educativ<strong><span style=\"color: #0000ff;\">\u00a0<a style=\"color: #0000ff;\" href=\"http:\/\/bp-soroca.md\/wp-content\/uploads\/2018\/07\/Cariera-Ta-de-succes.pdf\" target=\"_blank\" rel=\"noopener noreferrer\">Cariera Ta \u00eencepe Aici<\/a><\/span><\/strong><\/span><\/li>\n<li><span style=\"font-family: arial, helvetica, sans-serif; font-size: 10pt;\">\u201eMetodologia eviden\u021bei documentelor \u00een bibliotec\u0103\u201d: Program \u00een ajutor bibliotecarului<strong><span style=\"color: #0000ff;\">\u00a0<a style=\"color: #0000ff;\" href=\"http:\/\/bp-soroca.md\/wp-content\/uploads\/2018\/07\/Metodologia-eviden\u021bei-documentelor-\u00een-bibliotec\u0103.pdf\" target=\"_blank\" rel=\"noopener noreferrer\">Metodologia eviden\u021bei documentelor \u00een bibliotec\u0103<\/a><\/span><\/strong><\/span><\/li>\n<li>Fantezii culinare <div class=\"_df_book df-lite\" id=\"df_1598\"  _slug=\"fantezii-culinare\" data-title=\"fantezii-culinare\" wpoptions=\"true\" thumbtype=\"\" ><\/div><script class=\"df-shortcode-script\" nowprocket type=\"application\/javascript\">window.option_df_1598 = {\"outline\":[],\"autoEnableOutline\":\"false\",\"autoEnableThumbnail\":\"false\",\"overwritePDFOutline\":\"false\",\"direction\":\"1\",\"pageSize\":\"0\",\"source\":\"http:\\\/\\\/bp-soroca.md\\\/wp-content\\\/uploads\\\/2021\\\/03\\\/fantezii-culinare.pdf\",\"wpOptions\":\"true\"}; if(window.DFLIP && window.DFLIP.parseBooks){window.DFLIP.parseBooks();}<\/script><\/li>\n<li>Cum s\u0103 ne prelungim via\u021ba \u00een pofida v\u00e2rstei <div class=\"_df_book df-lite\" id=\"df_1604\"  _slug=\"cum-sa-ne-prelungim-viata-in-pofida-varstei\" data-title=\"cum-sa-ne-prelungim-viata-in-pofida-varstei\" wpoptions=\"true\" thumbtype=\"\" ><\/div><script class=\"df-shortcode-script\" nowprocket type=\"application\/javascript\">window.option_df_1604 = {\"outline\":[],\"autoEnableOutline\":\"false\",\"autoEnableThumbnail\":\"false\",\"overwritePDFOutline\":\"false\",\"direction\":\"1\",\"pageSize\":\"0\",\"source\":\"http:\\\/\\\/bp-soroca.md\\\/wp-content\\\/uploads\\\/2021\\\/03\\\/cum-sa-ne-prelungim-viata-in-pofida-varstei.pdf\",\"wpOptions\":\"true\"}; if(window.DFLIP && window.DFLIP.parseBooks){window.DFLIP.parseBooks();}<\/script><\/li>\n<li>C\u0103tre suflet prin frumos <div class=\"_df_book df-lite\" id=\"df_1608\"  _slug=\"catre-suflet-prin-frumos\" data-title=\"catre-suflet-prin-frumos\" wpoptions=\"true\" thumbtype=\"\" ><\/div><script class=\"df-shortcode-script\" nowprocket type=\"application\/javascript\">window.option_df_1608 = {\"outline\":[],\"autoEnableOutline\":\"false\",\"autoEnableThumbnail\":\"false\",\"overwritePDFOutline\":\"false\",\"direction\":\"1\",\"pageSize\":\"0\",\"source\":\"http:\\\/\\\/bp-soroca.md\\\/wp-content\\\/uploads\\\/2021\\\/03\\\/\\u201eC\\u0103tre-suflet-prin-frumos\\u201d.pdf\",\"wpOptions\":\"true\"}; if(window.DFLIP && window.DFLIP.parseBooks){window.DFLIP.parseBooks();}<\/script><\/li>\n<li>Biblio 112 <div class=\"_df_book df-lite\" id=\"df_1612\"  _slug=\"biblio-112\" data-title=\"biblio-112\" wpoptions=\"true\" thumbtype=\"\" ><\/div><script class=\"df-shortcode-script\" nowprocket type=\"application\/javascript\">window.option_df_1612 = {\"outline\":[],\"autoEnableOutline\":\"false\",\"autoEnableThumbnail\":\"false\",\"overwritePDFOutline\":\"false\",\"direction\":\"1\",\"pageSize\":\"0\",\"source\":\"http:\\\/\\\/bp-soroca.md\\\/wp-content\\\/uploads\\\/2021\\\/03\\\/biblio-112.pdf\",\"wpOptions\":\"true\"}; if(window.DFLIP && window.DFLIP.parseBooks){window.DFLIP.parseBooks();}<\/script><\/li>\n<li>Internet Banking <div class=\"_df_book df-lite\" id=\"df_1616\"  _slug=\"internet-banking\" data-title=\"internet-banking\" wpoptions=\"true\" thumbtype=\"\" ><\/div><script class=\"df-shortcode-script\" nowprocket type=\"application\/javascript\">window.option_df_1616 = {\"outline\":[],\"autoEnableOutline\":\"false\",\"autoEnableThumbnail\":\"false\",\"overwritePDFOutline\":\"false\",\"direction\":\"1\",\"pageSize\":\"0\",\"source\":\"http:\\\/\\\/bp-soroca.md\\\/wp-content\\\/uploads\\\/2021\\\/03\\\/Internet-Banking.pdf\",\"wpOptions\":\"true\"}; if(window.DFLIP && window.DFLIP.parseBooks){window.DFLIP.parseBooks();}<\/script><\/li>\n<li>Vacan\u021ba vesel\u0103 la bibliotec\u0103 <div class=\"_df_book df-lite\" id=\"df_1620\"  _slug=\"vacanta-vesela-la-biblioteca\" data-title=\"vacanta-vesela-la-biblioteca\" wpoptions=\"true\" thumbtype=\"\" ><\/div><script class=\"df-shortcode-script\" nowprocket type=\"application\/javascript\">window.option_df_1620 = {\"outline\":[],\"autoEnableOutline\":\"false\",\"autoEnableThumbnail\":\"false\",\"overwritePDFOutline\":\"false\",\"direction\":\"1\",\"pageSize\":\"0\",\"source\":\"http:\\\/\\\/bp-soroca.md\\\/wp-content\\\/uploads\\\/2021\\\/03\\\/vacanta-vesela-la-biblioteca.pdf\",\"wpOptions\":\"true\"}; if(window.DFLIP && window.DFLIP.parseBooks){window.DFLIP.parseBooks();}<\/script><\/li>\n<\/ul>\n","protected":false},"excerpt":{"rendered":"<p>Servicii noi \u00een bibliotec\u0103 Clubul amatorilor de\u00a0flori \u201eFloarea albastr\u0103\u201d: http:\/\/floarealbastrasoroca.wordpress.com\/ Cursuri de\u00a0instruire\u00a0IT cu\u00a0bibliotecarii:\u00a0Cursuri IT cu bibliotecarii soroceni \u201e\u00cenva\u021b\u0103-te s\u0103 fii Om\u201d: Program educativ\u00a0\u00cenva\u021b\u0103-te s\u0103 fii Om \u201eSoroca\u00a0\u2014 soroceni\u201d: Program de\u00a0valorificare a\u00a0memoriei comunitare\u00a0Soroca \/ soroceni \u201eLectura \u0219i informa\u021bia \u00eenvinge violen\u021ba\u201d: Program educativ\u00a0Lectura \u0219i informa\u021bia \u00eenvinge violen\u021ba \u201eAi grij\u0103 de\u00a0s\u0103n\u0103tatea ta\u201d: Program de\u00a0cultur\u0103 medical\u0103\u00a0Ai grij\u0103 de s\u0103n\u0103tatea &hellip; <a href=\"https:\/\/wpt.bp-soroca.md\/index.php\/servicii\/\" class=\"more-link\">Continu\u0103 lectura<span class=\"screen-reader-text\"> \u201eServicii\u201d<\/span><\/a><\/p>\n","protected":false},"author":1,"featured_media":0,"parent":0,"menu_order":0,"comment_status":"closed","ping_status":"closed","template":"","meta":[],"_links":{"self":[{"href":"https:\/\/wpt.bp-soroca.md\/index.php\/wp-json\/wp\/v2\/pages\/96"}],"collection":[{"href":"https:\/\/wpt.bp-soroca.md\/index.php\/wp-json\/wp\/v2\/pages"}],"about":[{"href":"https:\/\/wpt.bp-soroca.md\/index.php\/wp-json\/wp\/v2\/types\/page"}],"author":[{"embeddable":true,"href":"https:\/\/wpt.bp-soroca.md\/index.php\/wp-json\/wp\/v2\/users\/1"}],"replies":[{"embeddable":true,"href":"https:\/\/wpt.bp-soroca.md\/index.php\/wp-json\/wp\/v2\/comments?post=96"}],"version-history":[{"count":11,"href":"https:\/\/wpt.bp-soroca.md\/index.php\/wp-json\/wp\/v2\/pages\/96\/revisions"}],"predecessor-version":[{"id":1623,"href":"https:\/\/wpt.bp-soroca.md\/index.php\/wp-json\/wp\/v2\/pages\/96\/revisions\/1623"}],"wp:attachment":[{"href":"https:\/\/wpt.bp-soroca.md\/index.php\/wp-json\/wp\/v2\/media?parent=96"}],"curies":[{"name":"wp","href":"https:\/\/api.w.org\/{rel}","templated":true}]}}